ist the prime factors of h(15).
2, 3, 5
Suppose m = 6 - 1. Suppose 0 = -m*g + 45 + 15. What are the prime factors of (-210)/g*4/(-5)?
2, 7
Suppose -a = -8*a + 2380. Suppose -2*x + 5*v - 320 = 3*x, 5*x - v + a = 0. List the prime factors of (x + -1)/(20 + -21).
2, 5, 7
Suppose -2824 = -10*s + 9766. What are the prime factors of s?
1259
Let h(s) = -3*s**3 + 2*s**3 - s**2 + 0 + 0. Let c be h(-1). Suppose c = x + 2*x - 57. What are the prime factors of x?
19
Suppose -3*h = 3*d - 7*h + 21, 2*d + 18 = 4*h. List the prime factors of (-260)/(-12)*(0 - d).
5, 13
Let k(f) = -69*f + 4. Let v be k(-12). Suppose -4*t - 3*u = -0*u - v, 2*t - 402 = -5*u. List the prime factors of t.
211
Let z = -12 + 17. Suppose 4*o + 7 - 59 = -4*q, -5*o + z*q = -15. Suppose -5*d = -d - o. List the prime factors of d.
2
Suppose -4*f = -5*w - 2414, -3*f - 4*w + 3*w + 1820 = 0. What are the prime factors of f?
2, 3, 101
List the prime factors of (-221544)/(-378) + (-2)/21.
2, 293
Let o(n) = -2*n - 5. Suppose 0 = -h + 4*h. Suppose -p - 3*p - 28 = h. List the prime factors of o(p).
3
Let d(r) = 10*r**2 + 2*r + 31. Let x(m) = 8*m**2 - m - 10 - 17*m**2 + 6*m**2. Let n(g) = -2*d(g) - 7*x(g). What are the prime factors of n(-7)?
2, 3
List the prime factors of (-70)/(-245) - (-8398)/7.
2, 3, 5
Suppose 0*l + l - 3 = 0. Let j(v) = v**3 - 10*v**2 + 8*v + 12. Let w be j(9). Suppose -2*i = w*f - 47, 2*f = l*i + 2*i - 89. List the prime factors of i.
19
Suppose 3*i + 91 = 2*k - 152, -354 = -3*k + i. List the prime factors of k.
3, 13
Let x be 4/3 - 12/(-18). Let f(a) = -a**2 + 4*a + 1. Let s be f(x). Suppose -53 = s*z - 218. List the prime factors of z.
3, 11
Suppose -3*q - 80 = 2*z + 3*z, 0 = -3*z - 2*q - 48. Let s = z + 68. List the prime factors of s.
2, 13
Let t = 1 - 0. Let n(y) = -5*y. Let p be n(1). Let a = t - p. List the prime factors of a.
2, 3
Let p be ((-4)/(-10))/(4/(-80)). What are the prime factors of 1353/44 - (-6)/p?
2, 3, 5
Let m = -2884 - -5578. What are the prime factors of m?
2, 3, 449
Let w be (-5)/(-15)*-11*81/(-3). Suppose b = -l - 3*b + w, 4*l - 5*b - 375 = 0. List the prime factors of l.
5, 19
List the prime factors of 90/(-150) + 1 + 5413/5.
3, 19
Let l(i) = -i**2 - 14*i + 3. Let f be 30/(-12)*6*1. Let c be l(f). Let a(t) = -2*t + 3. What are the prime factors of a(c)?
3
Suppose -4*k + 2*k - 4*l + 20 = 0, -2*k - 3*l + 22 = 0. List the prime factors of k.
2, 7
Suppose 3*y - y + 3*c = 22, 4*c - 16 = 0. List the prime factors of (5*y)/((6/(-6))/(-1)).
5
Suppose -21*y + 3894 = -15*y. Suppose -143 = -2*x + x - 5*g, 3*g - y = -5*x. What are the prime factors of x?
2
Suppose 3*n - 4*n + 80 = -4*m, -3*n + 240 = 2*m. Suppose -4*q + 19 = q + 2*l, 0 = 5*q + 3*l - 21. Suppose -g + n = q*g. What are the prime factors of g?
2, 5
Let d(k) = -k**3 - 8*k**2 - 4*k + 17. What are the prime factors of d(-11)?
2, 53
Let p = 5 - -1. Let c be (28/p)/((-4)/(-12)). Let a = 7 + c. What are the prime factors of a?
3, 7
Suppose 3*y - 245 = -2*y. Suppose 0 = -5*k - 9 + y. Suppose x - k = 23. List the prime factors of x.
31
Suppose 0 = -2*f + 6*f - 3*b - 3, 4*f - 5*b = 13. What are the prime factors of (-8)/f*(-3)/(-2)?
2
Let s = -1 + -5. Suppose 12*a - 36 = 10*a. Let c = s + a. What are the prime factors of c?
2, 3
Suppose 201*u - 1378 = 200*u. List the prime factors of u.
2, 13, 53
Let h = 2922 + -1617. What are the prime factors of h?
3, 5, 29
Suppose 4*a - 2*o - 6074 = 0, 2*a - 13*o + 18*o - 3055 = 0. List the prime factors of a.
2, 5, 19
Let l(b) = 16*b**2 - 2*b + 1. Suppose k - 3 = 5*i + 9, -5*i - 21 = 2*k. Let z be k + (-12)/(6/(-2)). What are the prime factors of l(z)?
3, 5
Suppose 2*r = 10*r - 6712. What are the prime factors of r?
839
Suppose -2*l + 4*l + 3*c = -55, -4*l - 4*c - 100 = 0. Suppose -6*o - 39 + 9 = 0. What are the prime factors of (-112)/l + (-2)/o?
2, 3
What are the prime factors of (48/(-120) - (-7)/5) + 2212?
2213
Let q be 1*(3/3 + 4). Let k(j) = 2*j - q + j + 0*j**2 - j**2 + 3*j. What are the prime factors of k(4)?
3
Let c = 8 - 22. Let j = 8 - c. What are the prime factors of j?
2, 11
Let p(t) = 4*t**2 - 11 - 2*t - 4*t + 13 + 0. What are the prime factors of p(4)?
2, 3, 7
List the prime factors of (-7 + (-14)/(-21))/((-3)/927).
19, 103
Let a(u) = u**3 - 4*u**2 - 3*u - 6. Suppose -33 = -10*m + 17. What are the prime factors of a(m)?
2
Suppose -3*v + 177 = 3*n, -n = 3*n + 5*v - 235. Suppose -2*h - n = 2*h. What are the prime factors of h/3*56/(-10)?
2, 7
Let p be (-36)/(-12) + 0 + -1. Suppose -316 = -2*h - p*h. What are the prime factors of h?
79
Suppose 2*i - 4*i + 148 = -4*g, -5*i = -5*g - 370. Suppose 5*o - 7*o + 5*l = -90, 2*o - l = i. What are the prime factors of o?
5, 7
Suppose 0 = -0*q - 2*q - d - 1, -q - 5*d = 23. Let v = 150 + -40. Suppose 9*t - 4*t = -l + 55, -v = -q*l + 4*t. List the prime factors of l.
5, 11
Let a = 403 + 451. What are the prime factors of a?
2, 7, 61
Let r = 572 - -55. List the prime factors of r.
3, 11, 19
Let s(o) = -o**2 - 30*o - 20. Let f be s(-20). Suppose 2*j + 7*y - 2*y = 82, 2*y = -4*j + f. What are the prime factors of j?
2, 23
Let n = 67 - 15. Let q = 85 - n. What are the prime factors of q?
3, 11
Let b(u) = u**3 - 2*u**2 - u - 2. Let c be b(3). Let q be 2*(7 + -3)/c. Let n = q + 14. List the prime factors of n.
2
Suppose 5*r + 10 + 10 = 0, 5*h + 3*r = -7. What are the prime factors of ((16497/(-36))/13)/(h/(-4))?
3, 47
Let o be 1*(2 + -5 - 36). Let j = o - -56. What are the prime factors of j?
17
What are the prime factors of (-13)/2*(6 + -30)?
2, 3, 13
Let m(p) = 8*p**2 - 17*p - 57. List the prime factors of m(-8).
3, 197
List the prime factors of (-2022)/(-2)*(-10 + 11).
3, 337
Let n = 115 + 10. Let d(l) = 13*l - 52. Let u be d(4). Suppose u*g + 5*g - n = 0. What are the prime factors of g?
5
Let z(d) = -91*d - 59. Let l(u) = -18*u - 12. Let m(s) = 11*l(s) - 2*z(s). What are the prime factors of m(-15)?
2, 113
Let t(u) = 3*u**2 - 12*u - 17. What are the prime factors of t(-9)?
2, 167
Let k = 444 - -365. List the prime factors of k.
809
Let l = -1720 + 4074. List the prime factors of l.
2, 11, 107
List the prime factors of 7 - 5660/(0 + -10).
3, 191
Suppose -279 = 5*d - q + 5*q, 5*q = -4*d - 216. Let m = d - -167. What are the prime factors of m?
2, 3
Let b be 25/3 + (-1)/3. Suppose -5 = -9*r + b*r. Suppose 0 = r*d + 29 - 149. List the prime factors of d.
2, 3
Suppose 0 = 4*s + 8, 4*s - 1279 = -5*l + 1638. Suppose 2*g + 5*b = g + 97, 5*b - l = -5*g. What are the prime factors of g?
2, 61
Let j = -7 - -18. Let i = j + 1. Suppose 0 = 5*x + i + 13, 3*b = 3*x + 162. List the prime factors of b.
7
Let s(d) = 2*d**2 + 9*d - 30. Let i be s(-13). Suppose -g + i = 51. What are the prime factors of g?
2, 5, 7
Suppose 5*c = -188 + 138. Let d(l) = 6 + 4 - 2*l + 5. List the prime factors of d(c).
5, 7
Let k = -15 + 13. Let s be k/(-6) + (-256)/12. Let w = 2 - s. What are the prime factors of w?
23
Suppose -4*l = -j + 18, -6*j + 2*j + 91 = 3*l. Let v = -17 + j. Suppose b - 80 = v*n, 0 = -b + n + 41 + 31. What are the prime factors of b?
2, 5, 7
Let j = 15 + 3. Let r = j - 9. What are the prime factors of r?
3
Suppose 5*h - 3*f + 691 - 2755 = 0, 4*h - 1650 = 3*f. List the prime factors of h.
2, 3, 23
Suppose 215 = 5*y - y - 5*z, -y = 2*z - 70. Let v = 92 - y. What are the prime factors of v?
2
Let b(w) = -392*w - 10. What are the prime factors of b(-1)?
2, 191
Suppose -c - 21 = -59. Suppose -2*q + 36 + 10 = 0. Let a = c - q. List the prime factors of a.
3, 5
Let l(t) be the first derivative of 2*t**3/3 + 4*t**2 + 4*t - 2. Let f = 112 + -117. What are the prime factors of l(f)?
2, 7
Suppose 2 + 1 = d. Suppose d*k - 8 + 32 = -5*o, -2*k = -3*o - 22. Let j(n) = -3*n - 12. What are the prime factors of j(o)?
2, 3
Let g(n) = 1645*n**3 - 2*n**2 + 3*n - 1. List the prime factors of g(1).
5, 7, 47
Let y(s) = -272*s + 8. Let g be y(3). Let x = -568 - g. Suppose 0 = -3*k - k + x. List the prime factors of k.
2, 3, 5
Let o = 3315 + -1087. What are the prime factors of o?
2, 557
Let p(s) = 2*s + 19. Let f be p(-7). Suppose f*z = 106 + 4. What are the prime factors of z?
2, 11
Suppose -d = -3*c + 9, 4*c - d - 12 = 4*d. Suppose c + 3 = j. List the prime factors of j/27 - 151/(-9).
17
Let j(x) = x**3 - 4*x**2 + 2*x - 13. Suppose -5*h + 28 = -h. Let g